s + 27 = -2*g. List the prime factors of g.
5
Let z be (-2)/(2*(-1)/(-2)). List the prime factors of (-3)/(z/6 + 0).
3
Let y be 4*((-2)/4)/(-1). Suppose -k - 8 = -y*z, 2*z + k = -6 + 18. What are the prime factors of z?
5
Let m(i) = -2*i + 24. List the prime factors of m(-14).
2, 13
Suppose -2*w + 4 = -4*i, 4*i + 2 = 5*w - 8. Suppose 4*p = -i*p + 136. List the prime factors of p.
2, 17
Let a(l) be the first derivative of -l**3/3 - l**2/2 - 2. Let c be a(-1). Suppose -3*w + 16 + 2 = c. List the prime factors of w.
2, 3
What are the prime factors of (-3903)/(-15) - (-2)/(-10)?
2, 5, 13
Suppose 3*v - 123 + 24 = -4*i, i = -5*v + 12. List the prime factors of i.
3
Suppose 2*a + 5*r = -15, 3*a - 2*a - 15 = 2*r. Let h(l) = l**3 - 5*l**2 + 2*l + 5. What are the prime factors of h(a)?
3, 5
Suppose -2*z = -4*t + 16, 5*t = -0*t + 25. Suppose 0 = -z*p + p. What are the prime factors of (-5)/1*(p - 1)?
5
What are the prime factors of 48/20 - -6*(-2)/30?
2
Let z = -61 - -138. List the prime factors of z.
7, 11
Suppose -a = -6*a + 315. List the prime factors of a.
3, 7
Let o = 490 + -268. Suppose 5*z - 18 = o. Suppose -z = -3*k + 3*w, -18 = -2*k + 4*w + 20. What are the prime factors of k?
13
Suppose 4*u - 103 = 117. Let m = u - 35. List the prime factors of m.
2, 5
Suppose 0 = -j - 3*j. Suppose j = 4*o + 4*r + r + 41, -49 = 5*o + 4*r. List the prime factors of ((-3)/o)/((-1)/(-27)).
3
Let n = 20 - 8. List the prime factors of n.
2, 3
Suppose 1 = m - 2*d, -5*m = -0*d - 3*d - 19. Suppose -m*x + 36 = -3*x. List the prime factors of x.
2, 3
Let n = -22 + 25. Suppose -124 = -n*z - 4*g, z + 0*g = -4*g + 44. What are the prime factors of z?
2, 5
Suppose 4*r + 27 = 83. List the prime factors of r.
2, 7
Suppose -5*y + 1786 = 14*y. List the prime factors of y.
2, 47
Suppose -2*p + p - 4*b + 7 = 0, 0 = p + 3*b - 10. What are the prime factors of p?
19
Let f(i) = -i**2 + 10*i + 13. Let n be f(11). Let x be -2*n*9/(-12). What are the prime factors of (-1 + x)*(-10)/(-4)?
5
Let h(l) = -l + 24. What are the prime factors of h(-12)?
2, 3
Let b(c) = 5*c**2 + 65*c - 32. Let v(s) = s**2 + 16*s - 8. Let l(o) = -2*b(o) + 9*v(o). What are the prime factors of l(12)?
2
Let d(u) = 4*u**2 - 33*u + 3. What are the prime factors of d(9)?
2, 3, 5
Let k(f) = f**2 - 7*f + 1. Let p be k(9). Suppose 4*w + p = 63. List the prime factors of w.
11
Let q be 10/(-25) + (-92)/(-5). Let t = -6 - -11. Suppose t*z - q = 12. What are the prime factors of z?
2, 3
Let n(x) be the second derivative of -1/6*x**3 + 2*x + 3/2*x**2 + 0. List the prime factors of n(-3).
2, 3
Suppose -2*n = o - 0*o - 642, -5*o - 2*n + 3250 = 0. Suppose 4*l - o = -4*h, 0 = 4*l - h + 2*h - 667. What are the prime factors of l/44 - 2/(-11)?
2
Suppose -4*k + 72 = 8. List the prime factors of k.
2
Let a = -4 + -1. Let c(f) = f**2 + 4*f + 4. What are the prime factors of c(a)?
3
What are the prime factors of (3 + (1 - 2))*2?
2
Suppose -7*s = -12*s + 10. What are the prime factors of s?
2
List the prime factors of (0 + 2 - 1)*58.
2, 29
Let b(t) = -t**3 + t**2 - t + 143. What are the prime factors of b(0)?
11, 13
Suppose -385 = -4*t + 4*a + 391, 4*a = t - 188. What are the prime factors of t?
2, 7
Suppose -2*n - 125 = -559. What are the prime factors of n?
7, 31
Suppose 0 = -3*o - o + 8. Let h(u) = -4*u**2 + 3*u**o - 1 - 2*u**3 + 0*u**2 - 2*u. List the prime factors of h(-2).
3, 5
Suppose -296 = -4*d - 3*n, 4*n - 280 = -4*d + 5*n. List the prime factors of d.
71
Let d(h) = 8 + h + 0*h**3 + 7*h**2 + 5*h**3 - 2*h**3 - 2*h**3. Let t be d(-6). Suppose -2*b = 5*i - 80, b + 3*b + t = i. What are the prime factors of i?
2, 3
Suppose -5*x + 12 = -13, 2*x = 3*t - 5. Suppose t*o = w - 35, -20 = -2*w - o + 17. What are the prime factors of w?
2, 5
Let s(r) = r + 14. Let z be s(13). List the prime factors of (-4 + z/3)*1.
5
Let l be (8 + -9)*(1 - 0). What are the prime factors of -1 + 0 + 2 - l?
2
Let n(r) = 6*r - 2 + 5 - 2 - r**2 - 2. Let y be n(5). What are the prime factors of y/(-6) - (-20)/3?
2, 3
Suppose 2*f + 3*f - 4*l - 66 = 0, -30 = -2*f - 2*l. List the prime factors of (6 - 2)/(4/f).
2, 7
Let w = 144 - 78. List the prime factors of w.
2, 3, 11
Let k = 36 + -63. Suppose 2*b + 0 = 12. List the prime factors of (k/6)/((-3)/b).
3
Suppose 20 = s + 3*s. Suppose u = -s, -5*o = -2*u - u - 40. What are the prime factors of o?
5
Let i be (-7)/(-35) - (-126)/(-5). Let c = -12 - i. Suppose 0 = -5*n - b + 45 + 20, -n = -5*b - c. What are the prime factors of n?
13
Let y = -7 + 7. Suppose 13 = 4*b + w, 2*b + 5*w + 0*w + 7 = y. List the prime factors of b.
2
Suppose 3*h - 77 = 13. List the prime factors of h.
2, 3, 5
Let b(l) be the first derivative of -l**3/3 - 5*l**2 + 6*l + 3. What are the prime factors of b(-8)?
2, 11
Let a = 1 + -1. List the prime factors of a + -1 + 2 + 13.
2, 7
What are the prime factors of (982/(-40) + (-3)/15)*-4?
3, 11
Let q = 78 - 22. List the prime factors of q.
2, 7
Let u = 7 - 4. List the prime factors of -15*((-12)/10)/u.
2, 3
Let p(n) be the second derivative of n**3/6 - 2*n**2 - 3*n. Let g be p(5). What are the prime factors of 10 - (-1 + (4 - g))?
2
Suppose -3*i + 5*v - 37 = 0, -3*i - 17 = 3*v - 4*v. Let w = -2 - i. Suppose 5*h + 2*o - 72 = 0, -4*o - w = 14. What are the prime factors of h?
2
Let k be 4/18 - 8/36. List the prime factors of (7 - 2) + (k - -1).
2, 3
Let o = -3 + 0. List the prime factors of o/((-3 - 0)/6).
2, 3
What are the prime factors of (-1)/(4/14)*(-44 + 32)?
2, 3, 7
Let i = -33 + 57. Suppose -a + i = a. What are the prime factors of a?
2, 3
Let l = -6 - -13. Suppose -8*z = -l*z - 40. List the prime factors of z.
2, 5
Let s(i) = -i**2 - 11*i - 14. Let w be (4/((-8)/14))/1. List the prime factors of s(w).
2, 7
Let f = 35 + -4. What are the prime factors of f?
31
Let s = -101 - -104. List the prime factors of s.
3
Let g = -26 + 18. Let v = 21 + g. What are the prime factors of v?
13
What are the prime factors of 78 - 4 - ((2 - -1) + -2)?
73
What are the prime factors of (2*(-4)/24)/(2/(-234))?
3, 13
Let i(p) = -p. Let j(y) = 4*y + 9. Let f(l) = -2*i(l) - j(l). Let n be f(-7). Suppose 2*u - 35 = 3*b, -n*u - 4*b = -2*b - 59. What are the prime factors of u?
13
List the prime factors of (14 - -3) + (-3)/(-1).
2, 5
Let i(b) = b + 8. What are the prime factors of i(-5)?
3
Suppose 4*t + p = -3, -p - 2*p + 4 = -t. What are the prime factors of (-5 - -23) + -1 + t?
2
Let a(j) = 0*j**3 - 1 + 4*j**3 + 0. Let m be a(1). List the prime factors of (-140)/(-25) - m/5.
5
Suppose 6*a - 2*a = 0. Let m = -7 - -12. List the prime factors of a/3 + m*4.
2, 5
Let c(y) = -y. Let s be c(-3). Suppose 0 = s*o - 5*o + 6. Let a(w) = -w**3 + 4*w**2 + w. What are the prime factors of a(o)?
2, 3
Let w be 12/15*30/4. List the prime factors of w - ((-5 - -3) + 2).
2, 3
Let o = -17 + 32. What are the prime factors of o?
3, 5
Suppose 3*t = -t + 36. List the prime factors of t + -3 - 4/(-2).
2
Let j = 1 + 4. Suppose -a = -j*a - 3*t + 47, 2*t = 2*a - 6. Suppose 2*p - a = p. What are the prime factors of p?
2
Let w(y) = 9*y - 11. What are the prime factors of w(5)?
2, 17
Let q = 3 - 1. Suppose -3*r - 3*j = -102, -q*r + 2*j = -j - 63. What are the prime factors of r?
3, 11
Let r(u) = 7*u - u - 2*u**2 - 8 + u + u**2. List the prime factors of r(5).
2
Let v be (-30)/(-7) - (-20)/(-70). What are the prime factors of (v/(-4))/(1/(-22))?
2, 11
Let d be (-75)/(-10)*(-8)/(-6). Let l be -1*(-5)/(d/36). Suppose -2*c = 2*n - 16, -l = 4*n - 6. What are the prime factors of c?
11
Let i be ((-4)/5)/((-2)/110). Suppose 0*o + i = 4*o. List the prime factors of o.
11
Suppose 4*w = -3*w + 1834. What are the prime factors of w?
2, 131
Suppose -4*a - 440 = -14*a. What are the prime factors of a?
2, 11
Suppose 0 = 6*g - g + 25, -61 = -2*o - 5*g. What are the prime factors of o?
43
Suppose -2*q = 2*j - 26, -3*j - 45 = -3*q - 12. Let p = q + -7. Suppose 0 = 2*l - p - 3. What are the prime factors of l?
2
Let i = 6 - 4. Suppose -2*f = i*f - 28. List the prime factors of f.
7
Suppose 4*u + 0*u = -176. Suppose 59 = -5*n - 81. Let t = n - u. What are the prime factors of t?
2
Let w be (6/4)/((-1)/(-2)). Let c(r) = r + 2. Let b be c(w). Suppose b*a - 20 - 30 = 0. What are the prime factors of a?
2, 5
Let p = 124 + 246. List the prime factors of p.
2, 5, 37